5708?
True
Does 430 divide 2693152?
False
Is 21 a factor of 129048?
False
Is 44 a factor of 3735160?
True
Does 430 divide 2557515?
False
Does 79 divide 1132386?
True
Does 11 divide 2264482?
True
Is 25996 a multiple of 107?
False
Is 131 a factor of 149483?
False
Is 17 a factor of 129698?
False
Is 602460 a multiple of 60?
True
Does 626 divide 3210128?
True
Is 38909 a multiple of 13?
True
Is 13 a factor of 310929?
False
Is 238770 a multiple of 446?
False
Is 176613 a multiple of 78?
False
Is 259 a factor of 7391083?
True
Does 30 divide 117383?
False
Does 216 divide 34560?
True
Is 3 a factor of 381837?
True
Is 22 a factor of 169540?
False
Does 43 divide 1160183?
True
Does 12 divide 74520?
True
Does 50 divide 70800?
True
Does 150 divide 26850?
True
Does 1042 divide 2953300?
False
Is 107 a factor of 396221?
True
Is 3 a factor of 626861?
False
Is 16967860 a multiple of 1482?
False
Is 46714 a multiple of 2?
True
Is 42 a factor of 533236?
False
Is 457 a factor of 1253503?
False
Does 61 divide 6707972?
False
Does 101 divide 4121002?
True
Does 1544 divide 1731663?
False
Does 477 divide 3867516?
True
Is 19199 even?
False
Is 10 a factor of 7269410?
True
Is 502 a factor of 682872?
False
Does 7 divide 5992?
True
Is 1186111 a multiple of 342?
False
Does 858 divide 1026114?
False
Is 524292 a multiple of 33?
False
Does 73 divide 3913888?
False
Does 58 divide 1958950?
True
Is 917038 a multiple of 183?
False
Does 161 divide 4007021?
False
Is 7 a factor of 145723?
False
Is 45 a factor of 135039?
False
Is 159 a factor of 10493806?
False
Is 73117 a multiple of 14?
False
Is 1483516 a multiple of 605?
False
Is 13660 a multiple of 5?
True
Is 245494 a multiple of 982?
False
Is 53 a factor of 590897?
True
Is 244 a factor of 94498?
False
Is 273 a factor of 95004?
True
Is 7420 a multiple of 19?
False
Does 299 divide 50232?
True
Does 77 divide 274618?
False
Is 495378 a multiple of 26?
True
Is 145 a factor of 589135?
True
Is 3357832 a multiple of 38?
True
Does 39 divide 772?
False
Is 267 a factor of 458881?
False
Does 2 divide 61101?
False
Is 64359 a multiple of 52?
False
Is 1004060 a multiple of 1220?
True
Is 13 a factor of 466232?
True
Is 350 a factor of 726600?
True
Is 868 a factor of 3759308?
True
Is 183 a factor of 858323?
False
Is 40 a factor of 80330?
False
Is 27 a factor of 271836?
True
Is 31322 a multiple of 17?
False
Does 78 divide 388284?
True
Is 3821032 a multiple of 8?
True
Is 464 a factor of 451472?
True
Is 54 a factor of 293598?
True
Is 3080258 a multiple of 181?
True
Is 270070 a multiple of 40?
False
Is 131872 a multiple of 480?
False
Is 89 a factor of 352728?
False
Is 117 a factor of 624562?
False
Is 39 a factor of 32733246?
True
Is 2470 a multiple of 5?
True
Does 181 divide 591508?
True
Is 259 a factor of 483605?
False
Is 18 a factor of 256518?
True
Is 1208934 a multiple of 47?
True
Does 37 divide 156103?
True
Is 164980 a multiple of 6?
False
Does 243 divide 1813793?
False
Is 2145670 a multiple of 190?
True
Is 37 a factor of 1188255?
True
Is 1602739 a multiple of 46?
False
Does 484 divide 2196392?
True
Is 59 a factor of 461734?
True
Is 42 a factor of 338019?
False
Does 1015 divide 1492426?
False
Is 38 a factor of 6890616?
True
Is 460978 a multiple of 8?
False
Is 435 a factor of 2116275?
True
Does 19 divide 1987781?
False
Is 3902548 a multiple of 219?
False
Does 8 divide 2433197?
False
Is 108 a factor of 83376?
True
Does 107 divide 2196034?
False
Is 44 a factor of 21842766?
False
Does 102 divide 1165080?
False
Does 143 divide 168168?
True
Does 3 divide 1386421?
False
Is 386 a factor of 3248456?
False
Is 208 a factor of 4504575?
False
Is 1635 a factor of 2210520?
True
Is 8571459 a multiple of 1048?
False
Is 300 a factor of 768967?
False
Is 15 a factor of 150436?
False
Does 62 divide 425296?
False
Is 5155216 a multiple of 68?
True
Is 7 a factor of 94718?
False
Is 47 a factor of 4499238?
False
Is 29826 a multiple of 9?
True
Is 302667 a multiple of 1067?
False
Is 7334408 a multiple of 328?
True
Does 1574 divide 9554180?
True
Is 435335 a multiple of 20?
False
Is 412 a factor of 4766843?
False
Does 12 divide 4602156?
True
Is 294 a factor of 709534?
False
Does 450 divide 1347300?
True
Does 10 divide 327860?
True
Is 66 a factor of 270732?
True
Is 385 a factor of 259490?
True
Is 29 a factor of 3284?
False
Is 139082 a multiple of 353?
True
Is 16 a factor of 261035?
False
Is 425 a factor of 120700?
True
Is 87 a factor of 28710?
True
Does 10 divide 1678620?
True
Is 60 a factor of 949500?
True
Is 684499 a multiple of 23?
False
Is 390520 a multiple of 65?
True
Is 9 a factor of 7291152?
True
Does 27 divide 472824?
True
Is 140 a factor of 330400?
True
Is 57807 a multiple of 20?
False
Is 3 a factor of 136460?
False
Is 63 a factor of 972617?
False
Does 643 divide 311329?
False
Is 5 a factor of 2019608?
False
Does 12 divide 899916?
True
Is 325 a factor of 198660?
False
Is 8274 a multiple of 386?
False
Is 11 a factor of 3704184?
True
Is 9129748 a multiple of 113?
False
Is 44 a factor of 246167?
False
Is 16 a factor of 272826?
False
Is 34 a factor of 10302?
True
Is 765174 a multiple of 262?
False
Is 991052 a multiple of 82?
True
Does 57 divide 276004?
False
Is 418 a factor of 1148871?
False
Is 5 a factor of 28665?
True
Is 322 a factor of 1053453?
False
Does 25 divide 665050?
True
Is 100 a factor of 2586600?
True
Is 100 a factor of 8152132?
False
Does 8 divide 72600?
True
Is 8822 a multiple of 3?
False
Is 165424 a multiple of 112?
True
Does 3 divide 184612?
False
Is 269178 a multiple of 406?
True
Does 101 divide 286915?
False
Does 1438 divide 8589174?
True
Is 6 a factor of 72381?
False
Is 56 a factor of 455336?
True
Is 48652 a multiple of 6?
False
Is 106774 a multiple of 25?
False
Does 1115 divide 2234460?
True
Does 37 divide 12587?
False
Is 68 a factor of 95608?
True
Does 11 divide 334261?
False
Is 13 a factor of 11663160?
False
Is 14 a factor of 70751?
False
Is 24 a factor of 2799448?
False
Does 14 divide 20841197?
False
Is 109 a factor of 33136?
True
Is 76 a factor of 2276489?
False
Is 26607092 a multiple of 126?
False
Is 86 a factor of 1563738?
True
Is 108190 a multiple of 66?
False
Is 29 a factor of 510342?
True
Is 35244 a multiple of 43?
False
Is 8790 a multiple of 5?
True
Is 3401649 a multiple of 8?
False
Is 6 a factor of 5893?
False
Is 1181 a factor of 703144?
False
Is 3345466 a multiple of 74?
True
Is 1431006 a multiple of 158?
True
Does 133 divide 201495?
True
Is 2559552 a multiple of 64?
True
Is 130849 a multiple of 14?
False
Is 2 a factor of 31939?
False
Is 7955455 a multiple of 19?
False
Is 291 a factor of 1176876?
False
Is 19 a factor of 7381?
False
Is 19 a factor of 575057?
False
Does 13 divide 8539469?
False
Is 568030 a multiple of 11?
False
Does 17 divide 374019?
False
Is 325417 a multiple of 149?
False
Is 9953155 a multiple of 527?
False
Is 7 a factor of 2545809?
True
Is 32582 a multiple of 13?
False
Does 88 divide 84040?
True
Is 78 a factor of 11417?
False
Does 39 divide 12088?
False
Does 32 divide 76128?
True
Is 675664 a multiple of 17?
False
Is 36455 a multiple of 317?
True
Is 33 a factor of 2842356?
True
Does 366 divide 2122373?
False
Is 1327746 a multiple of 606?
True
Is 10 a factor of 8870?
True
Does 74 divide 1401856?
True
Is 7 a factor of 36243?
False
Does 22 divide 22196274?
False
Is 509508 a multiple of 28?
False
Does 176 divide 92668?
False
Does 9 divide 408390?
False
Does 3 divide 4173117?
True
Is 461012 a multiple of 49?
False
Is 109 a factor of 249790?
False
Does 10 divide 64818?
False
Is 10215751 a multiple of 1055?
False
Is 1861787 a multiple of 612?
False
Is 9094269 a multiple of 395?
False
Does 27 divide 22384?
False
Is 18 a factor of 28301?
False
Is 164925 a multiple of 2?
False
Is 19 a factor of 103303?
True
Does 34 divide 155267?
False
Does 191 divide 327756?
True
Is 49121 a multiple of 13?
False
Is 139535 a multiple of 473?
True
Is 6522631 a multiple of 9?
False
Does 28 divide 102312?
True
Is 349 a factor of 2186296?
False
Is 284708 a multiple of 23?
False
Is 494179 a multiple of 59?
False
Is 7738557 a multiple of 22?
False
Is 4 a factor of 36844?
True
Is 1142772 a multiple of 161?
False
Is 643 a factor of 603777?
True
Does 185 divide 263625?
True
Does 10 divide 10141?
False
Does 12 divide 310824?
True
Is 60600 a multiple of 24?
True
Do